{"id":515,"date":"2026-01-23T09:32:45","date_gmt":"2026-01-23T09:32:45","guid":{"rendered":"https:\/\/portfolio.zenkoders.com\/meat-selling\/?post_type=product&#038;p=515"},"modified":"2026-03-02T12:19:11","modified_gmt":"2026-03-02T12:19:11","slug":"wollschwein-salami","status":"publish","type":"product","link":"https:\/\/portfolio.zenkoders.com\/meat-selling\/shop\/schwein\/wollschwein\/wollschwein-salami\/","title":{"rendered":"Wollschwein Salami"},"content":{"rendered":"<p><strong><b>Langbeschreibung<\/b><\/strong><br \/>\nUnsere Edelschimmelsalami wird aus bestem Duroc-Schweinefleisch gefertigt, grob gewolft und mit einer ausgewogenen Gew\u00fcrzmischung verfeinert. Sie reift unter nat\u00fcrlicher Edelschimmelkultur mehrere Wochen und entwickelt dabei ein kr\u00e4ftiges, aber ausgewogenes Aroma. Ideal in Scheiben zur Platte oder als Snack zu einem Glas Rotwein.<\/p>\n<p><strong><b>Zubereitung<\/b><\/strong><br \/>\nK\u00fchl lagern, vor Genuss Zimmertemperatur annehmen lassen. In d\u00fcnne Scheiben schneiden.<\/p>\n<p><strong><b>Herkunft &amp; Besonderheiten<\/b><\/strong><br \/>\nDuroc-Schwein, hergestellt in Kleinserie. Reifung mit Edelschimmel.<\/p>\n<p><strong><b>Portionshinweis<\/b><\/strong><br \/>\n650\u202fg reicht f\u00fcr ca. 8\u201310 Portionen \u00e0 3\u20135 Scheiben.<\/p>\n","protected":false},"excerpt":{"rendered":"<p>Rustikal, aromatisch und charaktervoll \u2013 wie eine gute Salami sein muss.<\/p>\n","protected":false},"featured_media":1099,"comment_status":"open","ping_status":"closed","template":"","meta":[],"product_brand":[],"product_cat":[43,35],"product_tag":[51,54,55],"class_list":{"0":"post-515","1":"product","2":"type-product","3":"status-publish","4":"has-post-thumbnail","6":"product_cat-schwein","7":"product_cat-wollschwein","8":"product_tag-freiland","9":"product_tag-schweiz","10":"product_tag-special-cuts","12":"first","13":"instock","14":"shipping-taxable","15":"purchasable","16":"product-type-variable"},"yoast_head":"<!-- This site is optimized with the Yoast SEO plugin v27.4 - https:\/\/yoast.com\/product\/yoast-seo-wordpress\/ -->\n<title>Wollschwein Salami Freiland Schweiz kaufen | Edelschimmel<\/title>\n<meta name=\"description\" content=\"Wollschwein Salami mit Edelschimmel aus Schweizer Freilandhaltung kaufen. Handwerklich hergestellt, charaktervoll im Geschmack \u2013 ein echter Special Cut.\" \/>\n<meta name=\"robots\" content=\"index, follow, max-snippet:-1, max-image-preview:large, max-video-preview:-1\" \/>\n<link rel=\"canonical\" href=\"https:\/\/portfolio.zenkoders.com\/meat-selling\/shop\/schwein\/wollschwein\/wollschwein-salami\/\" \/>\n<meta property=\"og:locale\" content=\"en_US\" \/>\n<meta property=\"og:type\" content=\"article\" \/>\n<meta property=\"og:title\" content=\"Wollschwein Salami Freiland Schweiz kaufen | Edelschimmel\" \/>\n<meta property=\"og:description\" content=\"Wollschwein Salami mit Edelschimmel aus Schweizer Freilandhaltung kaufen. Handwerklich hergestellt, charaktervoll im Geschmack \u2013 ein echter Special Cut.\" \/>\n<meta property=\"og:url\" content=\"https:\/\/portfolio.zenkoders.com\/meat-selling\/shop\/schwein\/wollschwein\/wollschwein-salami\/\" \/>\n<meta property=\"og:site_name\" content=\"Meat Selling\" \/>\n<meta property=\"article:modified_time\" content=\"2026-03-02T12:19:11+00:00\" \/>\n<meta property=\"og:image\" content=\"https:\/\/portfolio.zenkoders.com\/meat-selling\/wp-content\/uploads\/2026\/01\/Salametti-vom-Wollschwein.png\" \/>\n\t<meta property=\"og:image:width\" content=\"2036\" \/>\n\t<meta property=\"og:image:height\" content=\"1527\" \/>\n\t<meta property=\"og:image:type\" content=\"image\/png\" \/>\n<meta name=\"twitter:card\" content=\"summary_large_image\" \/>\n<meta name=\"twitter:label1\" content=\"Est. reading time\" \/>\n\t<meta name=\"twitter:data1\" content=\"1 minute\" \/>\n<script type=\"application\/ld+json\" class=\"yoast-schema-graph\">{\"@context\":\"https:\\\/\\\/schema.org\",\"@graph\":[{\"@type\":\"WebPage\",\"@id\":\"https:\\\/\\\/portfolio.zenkoders.com\\\/meat-selling\\\/shop\\\/schwein\\\/wollschwein\\\/wollschwein-salami\\\/\",\"url\":\"https:\\\/\\\/portfolio.zenkoders.com\\\/meat-selling\\\/shop\\\/schwein\\\/wollschwein\\\/wollschwein-salami\\\/\",\"name\":\"Wollschwein Salami Freiland Schweiz kaufen | Edelschimmel\",\"isPartOf\":{\"@id\":\"https:\\\/\\\/portfolio.zenkoders.com\\\/meat-selling\\\/#website\"},\"primaryImageOfPage\":{\"@id\":\"https:\\\/\\\/portfolio.zenkoders.com\\\/meat-selling\\\/shop\\\/schwein\\\/wollschwein\\\/wollschwein-salami\\\/#primaryimage\"},\"image\":{\"@id\":\"https:\\\/\\\/portfolio.zenkoders.com\\\/meat-selling\\\/shop\\\/schwein\\\/wollschwein\\\/wollschwein-salami\\\/#primaryimage\"},\"thumbnailUrl\":\"https:\\\/\\\/portfolio.zenkoders.com\\\/meat-selling\\\/wp-content\\\/uploads\\\/2026\\\/01\\\/Salametti-vom-Wollschwein.png\",\"datePublished\":\"2026-01-23T09:32:45+00:00\",\"dateModified\":\"2026-03-02T12:19:11+00:00\",\"description\":\"Wollschwein Salami mit Edelschimmel aus Schweizer Freilandhaltung kaufen. Handwerklich hergestellt, charaktervoll im Geschmack \u2013 ein echter Special Cut.\",\"breadcrumb\":{\"@id\":\"https:\\\/\\\/portfolio.zenkoders.com\\\/meat-selling\\\/shop\\\/schwein\\\/wollschwein\\\/wollschwein-salami\\\/#breadcrumb\"},\"inLanguage\":\"en-US\",\"potentialAction\":[{\"@type\":\"ReadAction\",\"target\":[\"https:\\\/\\\/portfolio.zenkoders.com\\\/meat-selling\\\/shop\\\/schwein\\\/wollschwein\\\/wollschwein-salami\\\/\"]}]},{\"@type\":\"ImageObject\",\"inLanguage\":\"en-US\",\"@id\":\"https:\\\/\\\/portfolio.zenkoders.com\\\/meat-selling\\\/shop\\\/schwein\\\/wollschwein\\\/wollschwein-salami\\\/#primaryimage\",\"url\":\"https:\\\/\\\/portfolio.zenkoders.com\\\/meat-selling\\\/wp-content\\\/uploads\\\/2026\\\/01\\\/Salametti-vom-Wollschwein.png\",\"contentUrl\":\"https:\\\/\\\/portfolio.zenkoders.com\\\/meat-selling\\\/wp-content\\\/uploads\\\/2026\\\/01\\\/Salametti-vom-Wollschwein.png\",\"width\":2036,\"height\":1527,\"caption\":\"Salami Wollschwein Schweiz Freiland kaufen\"},{\"@type\":\"BreadcrumbList\",\"@id\":\"https:\\\/\\\/portfolio.zenkoders.com\\\/meat-selling\\\/shop\\\/schwein\\\/wollschwein\\\/wollschwein-salami\\\/#breadcrumb\",\"itemListElement\":[{\"@type\":\"ListItem\",\"position\":1,\"name\":\"Home\",\"item\":\"https:\\\/\\\/portfolio.zenkoders.com\\\/meat-selling\\\/\"},{\"@type\":\"ListItem\",\"position\":2,\"name\":\"Shop\",\"item\":\"https:\\\/\\\/portfolio.zenkoders.com\\\/meat-selling\\\/shop\\\/\"},{\"@type\":\"ListItem\",\"position\":3,\"name\":\"Wollschwein Salami\"}]},{\"@type\":\"WebSite\",\"@id\":\"https:\\\/\\\/portfolio.zenkoders.com\\\/meat-selling\\\/#website\",\"url\":\"https:\\\/\\\/portfolio.zenkoders.com\\\/meat-selling\\\/\",\"name\":\"Meat Selling\",\"description\":\"\",\"potentialAction\":[{\"@type\":\"SearchAction\",\"target\":{\"@type\":\"EntryPoint\",\"urlTemplate\":\"https:\\\/\\\/portfolio.zenkoders.com\\\/meat-selling\\\/?s={search_term_string}\"},\"query-input\":{\"@type\":\"PropertyValueSpecification\",\"valueRequired\":true,\"valueName\":\"search_term_string\"}}],\"inLanguage\":\"en-US\"}]}<\/script>\n<!-- \/ Yoast SEO plugin. -->","yoast_head_json":{"title":"Wollschwein Salami Freiland Schweiz kaufen | Edelschimmel","description":"Wollschwein Salami mit Edelschimmel aus Schweizer Freilandhaltung kaufen. Handwerklich hergestellt, charaktervoll im Geschmack \u2013 ein echter Special Cut.","robots":{"index":"index","follow":"follow","max-snippet":"max-snippet:-1","max-image-preview":"max-image-preview:large","max-video-preview":"max-video-preview:-1"},"canonical":"https:\/\/portfolio.zenkoders.com\/meat-selling\/shop\/schwein\/wollschwein\/wollschwein-salami\/","og_locale":"en_US","og_type":"article","og_title":"Wollschwein Salami Freiland Schweiz kaufen | Edelschimmel","og_description":"Wollschwein Salami mit Edelschimmel aus Schweizer Freilandhaltung kaufen. Handwerklich hergestellt, charaktervoll im Geschmack \u2013 ein echter Special Cut.","og_url":"https:\/\/portfolio.zenkoders.com\/meat-selling\/shop\/schwein\/wollschwein\/wollschwein-salami\/","og_site_name":"Meat Selling","article_modified_time":"2026-03-02T12:19:11+00:00","og_image":[{"width":2036,"height":1527,"url":"https:\/\/portfolio.zenkoders.com\/meat-selling\/wp-content\/uploads\/2026\/01\/Salametti-vom-Wollschwein.png","type":"image\/png"}],"twitter_card":"summary_large_image","twitter_misc":{"Est. reading time":"1 minute"},"schema":{"@context":"https:\/\/schema.org","@graph":[{"@type":"WebPage","@id":"https:\/\/portfolio.zenkoders.com\/meat-selling\/shop\/schwein\/wollschwein\/wollschwein-salami\/","url":"https:\/\/portfolio.zenkoders.com\/meat-selling\/shop\/schwein\/wollschwein\/wollschwein-salami\/","name":"Wollschwein Salami Freiland Schweiz kaufen | Edelschimmel","isPartOf":{"@id":"https:\/\/portfolio.zenkoders.com\/meat-selling\/#website"},"primaryImageOfPage":{"@id":"https:\/\/portfolio.zenkoders.com\/meat-selling\/shop\/schwein\/wollschwein\/wollschwein-salami\/#primaryimage"},"image":{"@id":"https:\/\/portfolio.zenkoders.com\/meat-selling\/shop\/schwein\/wollschwein\/wollschwein-salami\/#primaryimage"},"thumbnailUrl":"https:\/\/portfolio.zenkoders.com\/meat-selling\/wp-content\/uploads\/2026\/01\/Salametti-vom-Wollschwein.png","datePublished":"2026-01-23T09:32:45+00:00","dateModified":"2026-03-02T12:19:11+00:00","description":"Wollschwein Salami mit Edelschimmel aus Schweizer Freilandhaltung kaufen. Handwerklich hergestellt, charaktervoll im Geschmack \u2013 ein echter Special Cut.","breadcrumb":{"@id":"https:\/\/portfolio.zenkoders.com\/meat-selling\/shop\/schwein\/wollschwein\/wollschwein-salami\/#breadcrumb"},"inLanguage":"en-US","potentialAction":[{"@type":"ReadAction","target":["https:\/\/portfolio.zenkoders.com\/meat-selling\/shop\/schwein\/wollschwein\/wollschwein-salami\/"]}]},{"@type":"ImageObject","inLanguage":"en-US","@id":"https:\/\/portfolio.zenkoders.com\/meat-selling\/shop\/schwein\/wollschwein\/wollschwein-salami\/#primaryimage","url":"https:\/\/portfolio.zenkoders.com\/meat-selling\/wp-content\/uploads\/2026\/01\/Salametti-vom-Wollschwein.png","contentUrl":"https:\/\/portfolio.zenkoders.com\/meat-selling\/wp-content\/uploads\/2026\/01\/Salametti-vom-Wollschwein.png","width":2036,"height":1527,"caption":"Salami Wollschwein Schweiz Freiland kaufen"},{"@type":"BreadcrumbList","@id":"https:\/\/portfolio.zenkoders.com\/meat-selling\/shop\/schwein\/wollschwein\/wollschwein-salami\/#breadcrumb","itemListElement":[{"@type":"ListItem","position":1,"name":"Home","item":"https:\/\/portfolio.zenkoders.com\/meat-selling\/"},{"@type":"ListItem","position":2,"name":"Shop","item":"https:\/\/portfolio.zenkoders.com\/meat-selling\/shop\/"},{"@type":"ListItem","position":3,"name":"Wollschwein Salami"}]},{"@type":"WebSite","@id":"https:\/\/portfolio.zenkoders.com\/meat-selling\/#website","url":"https:\/\/portfolio.zenkoders.com\/meat-selling\/","name":"Meat Selling","description":"","potentialAction":[{"@type":"SearchAction","target":{"@type":"EntryPoint","urlTemplate":"https:\/\/portfolio.zenkoders.com\/meat-selling\/?s={search_term_string}"},"query-input":{"@type":"PropertyValueSpecification","valueRequired":true,"valueName":"search_term_string"}}],"inLanguage":"en-US"}]}},"_links":{"self":[{"href":"https:\/\/portfolio.zenkoders.com\/meat-selling\/wp-json\/wp\/v2\/product\/515","targetHints":{"allow":["GET"]}}],"collection":[{"href":"https:\/\/portfolio.zenkoders.com\/meat-selling\/wp-json\/wp\/v2\/product"}],"about":[{"href":"https:\/\/portfolio.zenkoders.com\/meat-selling\/wp-json\/wp\/v2\/types\/product"}],"replies":[{"embeddable":true,"href":"https:\/\/portfolio.zenkoders.com\/meat-selling\/wp-json\/wp\/v2\/comments?post=515"}],"wp:featuredmedia":[{"embeddable":true,"href":"https:\/\/portfolio.zenkoders.com\/meat-selling\/wp-json\/wp\/v2\/media\/1099"}],"wp:attachment":[{"href":"https:\/\/portfolio.zenkoders.com\/meat-selling\/wp-json\/wp\/v2\/media?parent=515"}],"wp:term":[{"taxonomy":"product_brand","embeddable":true,"href":"https:\/\/portfolio.zenkoders.com\/meat-selling\/wp-json\/wp\/v2\/product_brand?post=515"},{"taxonomy":"product_cat","embeddable":true,"href":"https:\/\/portfolio.zenkoders.com\/meat-selling\/wp-json\/wp\/v2\/product_cat?post=515"},{"taxonomy":"product_tag","embeddable":true,"href":"https:\/\/portfolio.zenkoders.com\/meat-selling\/wp-json\/wp\/v2\/product_tag?post=515"}],"curies":[{"name":"wp","href":"https:\/\/api.w.org\/{rel}","templated":true}]}}