{"id":532,"date":"2026-01-23T10:58:13","date_gmt":"2026-01-23T10:58:13","guid":{"rendered":"https:\/\/portfolio.zenkoders.com\/meat-selling\/?post_type=product&#038;p=532"},"modified":"2026-03-02T09:37:28","modified_gmt":"2026-03-02T09:37:28","slug":"rehgulasch","status":"publish","type":"product","link":"https:\/\/portfolio.zenkoders.com\/meat-selling\/shop\/wild-aus-schweizer-jagd\/rehgulasch\/","title":{"rendered":"Rehgulasch"},"content":{"rendered":"<p>Das Gulasch vom Reh wird aus der Keule geschnitten und ist frei von Sehnen oder H\u00e4uten. So l\u00e4sst es sich gleichm\u00e4ssig schmoren und entfaltet mit Wildgew\u00fcrzen, Rotwein oder Wacholder sein volles Aroma. Ein Klassiker in der herbstlichen K\u00fcche \u2013 ideal mit Kn\u00f6pfli, Rotkraut oder Serviettenkn\u00f6deln.<\/p>\n<p><strong><b>Zubereitung<\/b><\/strong><br \/>\nIn Wildfond oder Rotwein ca. 90\u2013120 Min. schmoren lassen. W\u00fcrzen nach Geschmack.<\/p>\n<p><strong><b>Herkunft &amp; Besonderheiten<\/b><\/strong><br \/>\nSchweizer Reh aus freier Wildbahn. Von Hand zugeschnitten.<\/p>\n<p><strong><b>Portionshinweis<\/b><\/strong><br \/>\n500\u202fg f\u00fcr 2 Personen, 1\u202fkg f\u00fcr 4 Personen als Hauptgericht.<\/p>\n","protected":false},"excerpt":{"rendered":"<p>W\u00fcrzig, saftig, klassisch \u2013 das perfekte St\u00fcck f\u00fcr Wildgerichte zum Schmoren.<\/p>\n","protected":false},"featured_media":1038,"comment_status":"open","ping_status":"closed","template":"","meta":[],"product_brand":[],"product_cat":[32],"product_tag":[54],"class_list":{"0":"post-532","1":"product","2":"type-product","3":"status-publish","4":"has-post-thumbnail","6":"product_cat-wild-aus-schweizer-jagd","7":"product_tag-schweiz","9":"first","10":"instock","11":"shipping-taxable","12":"purchasable","13":"product-type-variable"},"yoast_head":"<!-- This site is optimized with the Yoast SEO plugin v27.4 - https:\/\/yoast.com\/product\/yoast-seo-wordpress\/ -->\n<title>Rehgulasch Schweizer Jagd kaufen | K\u00fcchenfertig<\/title>\n<meta name=\"description\" content=\"Rehgulasch aus Schweizer Jagd kaufen. K\u00fcchenfertig geschnitten, naturbelassen und tiefgek\u00fchlt geliefert. Saisonale Qualit\u00e4t direkt vom Schweizer Wild.\" \/>\n<meta name=\"robots\" content=\"index, follow, max-snippet:-1, max-image-preview:large, max-video-preview:-1\" \/>\n<link rel=\"canonical\" href=\"https:\/\/portfolio.zenkoders.com\/meat-selling\/shop\/wild-aus-schweizer-jagd\/rehgulasch\/\" \/>\n<meta property=\"og:locale\" content=\"en_US\" \/>\n<meta property=\"og:type\" content=\"article\" \/>\n<meta property=\"og:title\" content=\"Rehgulasch Schweizer Jagd kaufen | K\u00fcchenfertig\" \/>\n<meta property=\"og:description\" content=\"Rehgulasch aus Schweizer Jagd kaufen. K\u00fcchenfertig geschnitten, naturbelassen und tiefgek\u00fchlt geliefert. Saisonale Qualit\u00e4t direkt vom Schweizer Wild.\" \/>\n<meta property=\"og:url\" content=\"https:\/\/portfolio.zenkoders.com\/meat-selling\/shop\/wild-aus-schweizer-jagd\/rehgulasch\/\" \/>\n<meta property=\"og:site_name\" content=\"Meat Selling\" \/>\n<meta property=\"article:modified_time\" content=\"2026-03-02T09:37:28+00:00\" \/>\n<meta property=\"og:image\" content=\"https:\/\/portfolio.zenkoders.com\/meat-selling\/wp-content\/uploads\/2026\/01\/99-scaled.webp\" \/>\n\t<meta property=\"og:image:width\" content=\"2560\" \/>\n\t<meta property=\"og:image:height\" content=\"1707\" \/>\n\t<meta property=\"og:image:type\" content=\"image\/webp\" \/>\n<meta name=\"twitter:card\" content=\"summary_large_image\" \/>\n<meta name=\"twitter:label1\" content=\"Est. reading time\" \/>\n\t<meta name=\"twitter:data1\" content=\"1 minute\" \/>\n<script type=\"application\/ld+json\" class=\"yoast-schema-graph\">{\"@context\":\"https:\\\/\\\/schema.org\",\"@graph\":[{\"@type\":\"WebPage\",\"@id\":\"https:\\\/\\\/portfolio.zenkoders.com\\\/meat-selling\\\/shop\\\/wild-aus-schweizer-jagd\\\/rehgulasch\\\/\",\"url\":\"https:\\\/\\\/portfolio.zenkoders.com\\\/meat-selling\\\/shop\\\/wild-aus-schweizer-jagd\\\/rehgulasch\\\/\",\"name\":\"Rehgulasch Schweizer Jagd kaufen | K\u00fcchenfertig\",\"isPartOf\":{\"@id\":\"https:\\\/\\\/portfolio.zenkoders.com\\\/meat-selling\\\/#website\"},\"primaryImageOfPage\":{\"@id\":\"https:\\\/\\\/portfolio.zenkoders.com\\\/meat-selling\\\/shop\\\/wild-aus-schweizer-jagd\\\/rehgulasch\\\/#primaryimage\"},\"image\":{\"@id\":\"https:\\\/\\\/portfolio.zenkoders.com\\\/meat-selling\\\/shop\\\/wild-aus-schweizer-jagd\\\/rehgulasch\\\/#primaryimage\"},\"thumbnailUrl\":\"https:\\\/\\\/portfolio.zenkoders.com\\\/meat-selling\\\/wp-content\\\/uploads\\\/2026\\\/01\\\/99-scaled.webp\",\"datePublished\":\"2026-01-23T10:58:13+00:00\",\"dateModified\":\"2026-03-02T09:37:28+00:00\",\"description\":\"Rehgulasch aus Schweizer Jagd kaufen. K\u00fcchenfertig geschnitten, naturbelassen und tiefgek\u00fchlt geliefert. Saisonale Qualit\u00e4t direkt vom Schweizer Wild.\",\"breadcrumb\":{\"@id\":\"https:\\\/\\\/portfolio.zenkoders.com\\\/meat-selling\\\/shop\\\/wild-aus-schweizer-jagd\\\/rehgulasch\\\/#breadcrumb\"},\"inLanguage\":\"en-US\",\"potentialAction\":[{\"@type\":\"ReadAction\",\"target\":[\"https:\\\/\\\/portfolio.zenkoders.com\\\/meat-selling\\\/shop\\\/wild-aus-schweizer-jagd\\\/rehgulasch\\\/\"]}]},{\"@type\":\"ImageObject\",\"inLanguage\":\"en-US\",\"@id\":\"https:\\\/\\\/portfolio.zenkoders.com\\\/meat-selling\\\/shop\\\/wild-aus-schweizer-jagd\\\/rehgulasch\\\/#primaryimage\",\"url\":\"https:\\\/\\\/portfolio.zenkoders.com\\\/meat-selling\\\/wp-content\\\/uploads\\\/2026\\\/01\\\/99-scaled.webp\",\"contentUrl\":\"https:\\\/\\\/portfolio.zenkoders.com\\\/meat-selling\\\/wp-content\\\/uploads\\\/2026\\\/01\\\/99-scaled.webp\",\"width\":2560,\"height\":1707,\"caption\":\"Rehgulasch Wild Schweiz kaufen\"},{\"@type\":\"BreadcrumbList\",\"@id\":\"https:\\\/\\\/portfolio.zenkoders.com\\\/meat-selling\\\/shop\\\/wild-aus-schweizer-jagd\\\/rehgulasch\\\/#breadcrumb\",\"itemListElement\":[{\"@type\":\"ListItem\",\"position\":1,\"name\":\"Home\",\"item\":\"https:\\\/\\\/portfolio.zenkoders.com\\\/meat-selling\\\/\"},{\"@type\":\"ListItem\",\"position\":2,\"name\":\"Shop\",\"item\":\"https:\\\/\\\/portfolio.zenkoders.com\\\/meat-selling\\\/shop\\\/\"},{\"@type\":\"ListItem\",\"position\":3,\"name\":\"Rehgulasch\"}]},{\"@type\":\"WebSite\",\"@id\":\"https:\\\/\\\/portfolio.zenkoders.com\\\/meat-selling\\\/#website\",\"url\":\"https:\\\/\\\/portfolio.zenkoders.com\\\/meat-selling\\\/\",\"name\":\"Meat Selling\",\"description\":\"\",\"potentialAction\":[{\"@type\":\"SearchAction\",\"target\":{\"@type\":\"EntryPoint\",\"urlTemplate\":\"https:\\\/\\\/portfolio.zenkoders.com\\\/meat-selling\\\/?s={search_term_string}\"},\"query-input\":{\"@type\":\"PropertyValueSpecification\",\"valueRequired\":true,\"valueName\":\"search_term_string\"}}],\"inLanguage\":\"en-US\"}]}<\/script>\n<!-- \/ Yoast SEO plugin. -->","yoast_head_json":{"title":"Rehgulasch Schweizer Jagd kaufen | K\u00fcchenfertig","description":"Rehgulasch aus Schweizer Jagd kaufen. K\u00fcchenfertig geschnitten, naturbelassen und tiefgek\u00fchlt geliefert. Saisonale Qualit\u00e4t direkt vom Schweizer Wild.","robots":{"index":"index","follow":"follow","max-snippet":"max-snippet:-1","max-image-preview":"max-image-preview:large","max-video-preview":"max-video-preview:-1"},"canonical":"https:\/\/portfolio.zenkoders.com\/meat-selling\/shop\/wild-aus-schweizer-jagd\/rehgulasch\/","og_locale":"en_US","og_type":"article","og_title":"Rehgulasch Schweizer Jagd kaufen | K\u00fcchenfertig","og_description":"Rehgulasch aus Schweizer Jagd kaufen. K\u00fcchenfertig geschnitten, naturbelassen und tiefgek\u00fchlt geliefert. Saisonale Qualit\u00e4t direkt vom Schweizer Wild.","og_url":"https:\/\/portfolio.zenkoders.com\/meat-selling\/shop\/wild-aus-schweizer-jagd\/rehgulasch\/","og_site_name":"Meat Selling","article_modified_time":"2026-03-02T09:37:28+00:00","og_image":[{"width":2560,"height":1707,"url":"https:\/\/portfolio.zenkoders.com\/meat-selling\/wp-content\/uploads\/2026\/01\/99-scaled.webp","type":"image\/webp"}],"twitter_card":"summary_large_image","twitter_misc":{"Est. reading time":"1 minute"},"schema":{"@context":"https:\/\/schema.org","@graph":[{"@type":"WebPage","@id":"https:\/\/portfolio.zenkoders.com\/meat-selling\/shop\/wild-aus-schweizer-jagd\/rehgulasch\/","url":"https:\/\/portfolio.zenkoders.com\/meat-selling\/shop\/wild-aus-schweizer-jagd\/rehgulasch\/","name":"Rehgulasch Schweizer Jagd kaufen | K\u00fcchenfertig","isPartOf":{"@id":"https:\/\/portfolio.zenkoders.com\/meat-selling\/#website"},"primaryImageOfPage":{"@id":"https:\/\/portfolio.zenkoders.com\/meat-selling\/shop\/wild-aus-schweizer-jagd\/rehgulasch\/#primaryimage"},"image":{"@id":"https:\/\/portfolio.zenkoders.com\/meat-selling\/shop\/wild-aus-schweizer-jagd\/rehgulasch\/#primaryimage"},"thumbnailUrl":"https:\/\/portfolio.zenkoders.com\/meat-selling\/wp-content\/uploads\/2026\/01\/99-scaled.webp","datePublished":"2026-01-23T10:58:13+00:00","dateModified":"2026-03-02T09:37:28+00:00","description":"Rehgulasch aus Schweizer Jagd kaufen. K\u00fcchenfertig geschnitten, naturbelassen und tiefgek\u00fchlt geliefert. Saisonale Qualit\u00e4t direkt vom Schweizer Wild.","breadcrumb":{"@id":"https:\/\/portfolio.zenkoders.com\/meat-selling\/shop\/wild-aus-schweizer-jagd\/rehgulasch\/#breadcrumb"},"inLanguage":"en-US","potentialAction":[{"@type":"ReadAction","target":["https:\/\/portfolio.zenkoders.com\/meat-selling\/shop\/wild-aus-schweizer-jagd\/rehgulasch\/"]}]},{"@type":"ImageObject","inLanguage":"en-US","@id":"https:\/\/portfolio.zenkoders.com\/meat-selling\/shop\/wild-aus-schweizer-jagd\/rehgulasch\/#primaryimage","url":"https:\/\/portfolio.zenkoders.com\/meat-selling\/wp-content\/uploads\/2026\/01\/99-scaled.webp","contentUrl":"https:\/\/portfolio.zenkoders.com\/meat-selling\/wp-content\/uploads\/2026\/01\/99-scaled.webp","width":2560,"height":1707,"caption":"Rehgulasch Wild Schweiz kaufen"},{"@type":"BreadcrumbList","@id":"https:\/\/portfolio.zenkoders.com\/meat-selling\/shop\/wild-aus-schweizer-jagd\/rehgulasch\/#breadcrumb","itemListElement":[{"@type":"ListItem","position":1,"name":"Home","item":"https:\/\/portfolio.zenkoders.com\/meat-selling\/"},{"@type":"ListItem","position":2,"name":"Shop","item":"https:\/\/portfolio.zenkoders.com\/meat-selling\/shop\/"},{"@type":"ListItem","position":3,"name":"Rehgulasch"}]},{"@type":"WebSite","@id":"https:\/\/portfolio.zenkoders.com\/meat-selling\/#website","url":"https:\/\/portfolio.zenkoders.com\/meat-selling\/","name":"Meat Selling","description":"","potentialAction":[{"@type":"SearchAction","target":{"@type":"EntryPoint","urlTemplate":"https:\/\/portfolio.zenkoders.com\/meat-selling\/?s={search_term_string}"},"query-input":{"@type":"PropertyValueSpecification","valueRequired":true,"valueName":"search_term_string"}}],"inLanguage":"en-US"}]}},"_links":{"self":[{"href":"https:\/\/portfolio.zenkoders.com\/meat-selling\/wp-json\/wp\/v2\/product\/532","targetHints":{"allow":["GET"]}}],"collection":[{"href":"https:\/\/portfolio.zenkoders.com\/meat-selling\/wp-json\/wp\/v2\/product"}],"about":[{"href":"https:\/\/portfolio.zenkoders.com\/meat-selling\/wp-json\/wp\/v2\/types\/product"}],"replies":[{"embeddable":true,"href":"https:\/\/portfolio.zenkoders.com\/meat-selling\/wp-json\/wp\/v2\/comments?post=532"}],"wp:featuredmedia":[{"embeddable":true,"href":"https:\/\/portfolio.zenkoders.com\/meat-selling\/wp-json\/wp\/v2\/media\/1038"}],"wp:attachment":[{"href":"https:\/\/portfolio.zenkoders.com\/meat-selling\/wp-json\/wp\/v2\/media?parent=532"}],"wp:term":[{"taxonomy":"product_brand","embeddable":true,"href":"https:\/\/portfolio.zenkoders.com\/meat-selling\/wp-json\/wp\/v2\/product_brand?post=532"},{"taxonomy":"product_cat","embeddable":true,"href":"https:\/\/portfolio.zenkoders.com\/meat-selling\/wp-json\/wp\/v2\/product_cat?post=532"},{"taxonomy":"product_tag","embeddable":true,"href":"https:\/\/portfolio.zenkoders.com\/meat-selling\/wp-json\/wp\/v2\/product_tag?post=532"}],"curies":[{"name":"wp","href":"https:\/\/api.w.org\/{rel}","templated":true}]}}